2552 + -7005. Is j a composite number?
True
Suppose 1591 = -8*t - 2433. Let s = 3780 - t. Is s a prime number?
True
Suppose 12710892 = -118*k + 16424317 + 18114805. Is k a composite number?
True
Let z be (8 - 3)*1898/10. Suppose -951*p = -z*p - 2022. Is p composite?
True
Suppose -3*m + 6266 = -20527. Suppose 4*n - 7*x - m = -2*x, 0 = -4*n + 4*x + 8928. Is n composite?
True
Let g = 325690 + 936721. Is g composite?
False
Let v(w) be the second derivative of -w**5/20 + w**4/6 - w**2/2 - 18*w. Let a be v(1). Suppose a = 3*c - 19881 - 2400. Is c composite?
True
Let f be (82907/33)/((-3)/(-9)). Suppose -4*g = -f + 52065. Is 3/3 + (-2 - g)/3 a prime number?
False
Let i be (0 + 0 + -4)*-1. Let f be -4 + 28 + 0 + i. Is (f/(-12) - -2)/(1/(-291)) a prime number?
True
Let g(o) = 6060*o - 1883. Is g(36) composite?
True
Let c = 17281 + 6760. Is c a composite number?
True
Suppose 14*u - 15*u + 10 = 0. Let f be -1*u/(-25)*(93 - -2). Suppose -41*p + f*p = -105. Is p composite?
True
Suppose -3*t + p = -3*p + 16, -2*p + 8 = -3*t. Suppose t = -4*a + 1133 + 1507. Let y = 158 + a. Is y a prime number?
False
Suppose 654*r + 14734146 = 696*r. Is r a composite number?
True
Let l be (-2)/(((-60)/(-39222))/(-10)). Is (39/(-9) - -5)/(4/l) a prime number?
True
Let o be (17 - -2)/(4 - 5). Let u = -12 - o. Suppose 0 = 3*k - u*k + 4364. Is k prime?
True
Suppose -323*n - 5480749 = -340*n. Is n a composite number?
False
Let u be (-3)/((-3)/22)*36030/4. Suppose i + u = 16*i. Is i a prime number?
False
Let k = 26987 + -15028. Is k prime?
True
Let i be -3*(1 - 60/18). Suppose -38793 = -i*h - 9022. Is h composite?
False
Let d(j) be the first derivative of 1275*j**2/2 + 188*j + 258. Is d(21) prime?
False
Let g(d) = -15 - 5116*d + 6*d**2 - 5117*d + 10219*d. Let f be (-21 - 1)/(4/(-2)). Is g(f) a composite number?
False
Suppose -352629 = -189*r + 180*r. Is r a composite number?
False
Let a(f) = 11*f**3 + 4*f**2 - 5*f - 10. Let c be a(7). Suppose -4*r + 13788 = c. Suppose 0 = -5*t + 6509 + r. Is t a prime number?
False
Suppose 19*d = -30 + 87. Let x be 1*(1 - (-22)/2). Suppose 0 + x = 3*i, -d*v + 586 = i. Is v prime?
False
Let l = -732 + 734. Suppose -4*g + l*g - 2*r = -1932, 5*g - 5*r - 4840 = 0. Is g a prime number?
True
Suppose -r - 2*b = -10 - 0, -2*b + 34 = 4*r. Suppose -68940 = -r*l + 13*l. Is (l/42)/(-3) - (-3)/(-7) a prime number?
True
Let p(k) = k**3 - 17*k**2 + 7*k - 36. Let m be p(17). Suppose 87*n - 13828 = m*n. Is n composite?
False
Suppose 21*v + 14*v = 23*v + 2155236. Is v composite?
False
Let o = -1625421 + 2306114. Is o a composite number?
True
Let u = 65979 + 8735. Is u composite?
True
Let x(a) = 92*a + 163477. Is x(0) prime?
True
Suppose 5*d - 5*z = -13905 + 3015, 0 = z + 2. Let a be (-6)/(2 + d/1096). Let w = a + 1075. Is w a composite number?
True
Let j(l) = -28*l**2 + 10*l - 8. Let r be j(12). Let b = 1967 - r. Let z = b + -3980. Is z prime?
True
Suppose 0 = 12*t + 20 + 40. Is 7/(35/t)*(2 + -3604) composite?
True
Let k = 37713 - 5920. Is k a prime number?
True
Let i(l) = l**3 - 10*l**2 + 11*l - 11. Let f be i(9). Suppose 3*t - f - 2 = 0. Suppose -274 = -5*s - 3*a, 97 = -t*s + 5*s - 3*a. Is s prime?
True
Suppose -59*o + 50*o = 72. Let r(q) = -332*q + 121. Is r(o) composite?
False
Suppose -4*b = 2*t - 6*t - 200, 8 = 4*b. Let i be (t/10 + (-9)/45)*-83. Let s = i + 283. Is s prime?
False
Suppose -z - 5677 = -23315. Is (-1)/((-3)/z) + (-3)/9 prime?
True
Suppose -14*d - d = 0. Suppose -45*z + 43*z + 5366 = d. Is z a composite number?
False
Let q = -675890 + 1110081. Is q composite?
False
Let q(r) = -3394*r + 8. Let k be q(2). Let j be (-6*3/15)/(4/k). Is (20/12)/(6/j) a composite number?
True
Let k = -566879 + 1525857. Is k a composite number?
True
Suppose 5*c - 5 = z + 7, -2*c = -2*z. Suppose -3*m - 6723 = -c*o, 3*o - o + 2*m = 4466. Is o a composite number?
False
Suppose -2853489 = -128*r + 104*r - 163833. Is r prime?
True
Suppose 3352*u = 3346*u + 146994. Is u a composite number?
False
Let q(s) = 2521*s**2 - 24*s + 76. Is q(3) prime?
False
Let w(i) = 116*i**3 + 8*i**2 + 48*i + 6. Let q(t) = 38*t**3 + 3*t**2 + 16*t + 2. Let u(a) = -17*q(a) + 6*w(a). Is u(4) prime?
False
Let n(y) = 30*y**2 - 8*y - 70. Let k be n(-7). Suppose -5*a - 4*g = -5539, 4*a - g = k + 2992. Is a a composite number?
True
Suppose -27*i + 4591345 = 52*i - 24*i. Is i a prime number?
False
Suppose 3272 = -m + 9*m. Let a = m + 470. Is a a prime number?
False
Let n = -55 + 33. Let v be (-1)/(-8)*n*-284. Suppose 0 = 3*c - 2*l - v, 3*c - 2*c + l = 257. Is c a composite number?
True
Let l(p) = -2*p**3 + 5*p**2 - 3*p + 1. Suppose c + 3*c - 140 = 0. Let r = 29 - c. Is l(r) a composite number?
False
Let n = -289 + 510. Suppose 270 = 2*i - 5*i. Let d = n + i. Is d composite?
False
Suppose -4*i = -23 - 41. Let d be i/14*(-28)/(-8). Is 0/(d - 3) + 298 prime?
False
Suppose 218494 = 10*y + 41024. Is y composite?
False
Suppose 0 = -3*a - 88 + 85. Let f be -3 - (2020/2 - a)*-1. Suppose -1490 = -3*l + 4*z, l + f = 3*l + z. Is l a composite number?
True
Let v = 237 + -152. Suppose v = z + 4*z. Suppose -21*b = -z*b - 1948. Is b prime?
True
Let i = 49936 - 8729. Is i a prime number?
False
Let n be 6*(20/(-15))/(-4). Let r be ((-6)/(-3))/n + (-1989)/(-3). Let b = r + 9. Is b prime?
True
Let h(o) = -3*o**3 + 28*o**2 - 49*o + 1427. Is h(-30) composite?
False
Suppose 6*g - 11*g + 100 = 0. Let z be (-1)/(3 - g/6). Suppose -z*u + 2 = -40. Is u a composite number?
True
Let g(a) = 1630*a**2 - 479*a + 8353. Is g(18) composite?
False
Suppose 247*o = -3*j + 244*o + 136188, 2*o = 6. Is j composite?
True
Let g(o) = -62*o**2 + 252*o**2 + 21 + 7 + 135*o**2 + 2*o. Is g(-5) a composite number?
True
Let x be (-12)/(-21) + (-104120)/(-70). Let v = x - 685. Is v a composite number?
True
Let r = 526003 + -320792. Is r a composite number?
False
Suppose 10 = 5*k + u, -k + 0*u = 3*u + 12. Let g be 598/(-6) - ((-11)/k + 3). Let m = g + 142. Is m composite?
False
Let d be 2 - (-1 + 7) - (2 - 11). Suppose -4*p = -3*f - 32493, -d*p - f = -0*p - 40602. Is p a composite number?
True
Let g(q) = -127*q - 4. Let p be g(6). Let w(m) = -19*m**2 + 7*m + 7. Let i be w(-8). Let r = p - i. Is r a prime number?
True
Suppose 4*g + 586 = 2*g. Let f be (-14 - -10)*30/(-24). Is g/f*(-10 - -5) prime?
True
Is 203818/((-225)/300 - (-22)/8) prime?
False
Let z(a) = -2459*a - 786. Is z(-1) a prime number?
False
Let g = 68592 + -45589. Is g composite?
False
Suppose 22*u - 26*u = -16. Let y(m) = -m + 4. Let v be y(u). Suppose 2*t - 2564 = -4*b - 3*t, v = t. Is b a prime number?
True
Let q = 30 - 29. Let m(r) = 549*r + 8. Is m(q) prime?
True
Let t(q) = -q**2 + 6*q - 6. Let h be t(6). Let j be -12 + 15 - h/(-1). Is (-5760)/((-8)/2) + 2 + j prime?
True
Let u = -5185 - -17913. Let w(d) = -d**3 + 6*d**2 + 12*d - 23. Let l be w(7). Is u/l - 2/(-6) a prime number?
True
Let d(p) = -10985*p + 2229. Is d(-32) a composite number?
True
Suppose -3*q - 2*a = 4, q - 4*a - 12 - 10 = 0. Suppose -3*m - q*m = -s - 11, 2*s = 8. Suppose j = m*g + 6770, 12 = 7*g - 3*g. Is j a prime number?
True
Suppose -n - 5*s = -24812, 2*n + 56*s - 55*s = 49597. Is n composite?
True
Suppose 50*u - y - 365901 = 45*u, 2*u = -y + 146366. Is u a composite number?
False
Is 144/240*118290/18 composite?
False
Is 16 + 528788/78 - (-5)/3 a prime number?
False
Let i(r) = 62*r - 15. Let f(q) = -3*q - 25. Let d be f(-13). Suppose d*t - 56 = 42. Is i(t) prime?
True
Is (((-111822)/(-42))/1)/((-5)/(-35)) a composite number?
False
Suppose 259*j - 8190971 = 162*j. Is j a prime number?
True
Suppose -l + 2*h = 8, -2*l - 16 = -l + 2*h. Is ((-348)/8)/(l/1256) prime?
False
Suppose -x + 13 = 4*a - 1, -14 = -a + 5*x. Suppose t - 592 = -9*j + a*j, -3*j = 2*t - 1177. Let p = t - 384. Is p prime?
False
Suppose -55 = -5*v + 20. Let n(l) = -23 + 0*l + 126 - 30 + 68*l - 26. Is n(v) composite?
True
Let z(r) = 3*r - 30. Let i be z(10). Let o(g) be the first derivative of g**4/4 - g**2/2 + 239*g - 1. Is o(i) a prime number?
True
Let q(r) = -2622*r + 2135. Is q(-13) a composite number?
True
Suppose -m - 5*k - 4838 = 0, 5*m + 2*k + 24162 = 5*k. Let n = -1174 - m. Is n prime?
True
Let v(c) = -c**2 - 21*c + 9. Let u be v(-10). Suppose 2*d + 119 + u = 2*y, -d - 3*y - 123 = 0. Let n = 343 + d. Is n a prime number?
True
Let j(o) = -o**2 - 